et m be (6/(-2))/3 + w. Let q(l) = 8*l - 9. Is q(m) a prime number?
True
Suppose 5*u - 13 - 22 = 0. Let r(y) = 4*y - 3. Let b be r(2). Is 4*u - (2 - b) a composite number?
False
Let c(i) = -6*i**2 + 5*i - 2159. Let w(p) = 5*p**2 - 4*p + 2159. Let a(z) = 4*c(z) + 5*w(z). Is a(0) a composite number?
True
Let n = -63 + 228. Let k = -345 + n. Let u = 431 + k. Is u a prime number?
True
Let o(r) = 4*r**2 - 3*r - 3. Let h(v) = v**2 - v - 1. Let g(k) = -7*h(k) + 2*o(k). Let u be g(-1). Is 442 - (u - 4 - 0) composite?
True
Let n(l) be the third derivative of -4/3*l**3 + 0 + 7*l**2 + 7/60*l**5 - 1/4*l**4 + 0*l. Is n(7) a prime number?
True
Let b(w) = 7 + 8 + 9122*w**2 - 3*w - 9132*w**2 + 3*w**3. Is b(8) composite?
False
Let w(x) be the first derivative of -x**3/3 - 5*x**2 + 3*x - 4. Let d be w(-9). Is (-3)/(d/(-4))*37 prime?
True
Let s be 18/(-4)*1630/(-15). Let i = s - -4. Is i composite?
True
Suppose 2*z + 6*x - 7*x - 2 = 0, 2*z = 2*x + 4. Suppose -5*p + 3823 = -4*c, 2*p = -z*c - 2*c + 1522. Is p a prime number?
False
Suppose -4 = 2*b - 5*o, -b + 3*b = 3*o. Suppose m + b*m + d = 630, d = 2. Is m composite?
False
Let p = 4595 + 122. Is p a prime number?
False
Suppose -2*s - 523 = -23. Let m = 363 + s. Is m a composite number?
False
Suppose 673 + 355 = -2*j. Let i = 963 + j. Is i composite?
False
Let m(j) = -2185*j + 3. Let f be m(-1). Let n = -1535 + f. Is n composite?
False
Let x(h) = 37*h**3 + h - 4. Let j be x(2). Suppose -584 = -4*c - r, -r = -c + 3*c - j. Is c a prime number?
False
Suppose -8*w + 2*w = 0. Let v be 21 + -9 + -1 + w. Suppose 2*g - v = 83. Is g a composite number?
False
Let p(m) = m**3 + 2*m**2 + m - 193. Let x(j) = -4*j**3 - 9*j**2 - 4*j + 773. Let w(k) = -9*p(k) - 2*x(k). Let q = 91 - 91. Is w(q) composite?
False
Suppose w - 7925 = -4*j, -2*w + 15802 = -4*j - 0*j. Is w a prime number?
False
Let z(w) = -w**3 - 8*w**2 + w + 1. Let c(m) = -2*m. Let l be c(-2). Suppose b + 4*b + 30 = -4*u, l*u + 48 = 4*b. Is z(u) a composite number?
False
Suppose 3*t = -4*n + 12, n = 6*t - 2*t - 16. Suppose n*s - 4*s + 348 = 0. Is s a prime number?
False
Let v = 4 - -3383. Is v prime?
False
Let w = 551 + 12. Is w a prime number?
True
Suppose 62 - 54 = 2*x. Suppose x*q - 3686 = 1758. Is q a composite number?
False
Suppose -2*r = 5*b - 94, 5*b + 4*r - 62 = 2*b. Let i = b - 24. Is (4 - 6)/(i/1479) a prime number?
False
Let i(u) = -34*u + 51*u - 8 + 140*u - 8. Is i(9) a prime number?
False
Let g(l) = -l**3 - 8*l**2 - 6*l - 2. Let y be g(-7). Let n = -6 - y. Suppose -n*c = -300 - 207. Is c composite?
True
Suppose 0 = -4*j + 4*y + 15616, 0*j + 3884 = j + 3*y. Is j composite?
True
Let n = 26419 - 9282. Is n a prime number?
True
Suppose 4*j - 7096 = 3*u, -9*u + 4*u = j - 1797. Is j composite?
False
Is 23251*(16 - (-132)/(-12)) a prime number?
False
Let y(v) = 168*v + 8. Let o(m) = 169*m + 9. Let g(q) = -6*o(q) + 7*y(q). Let f be g(2). Suppose 4*u - 2*u = f. Is u a composite number?
False
Let w = -71553 + 130210. Is w composite?
False
Let j(k) = 17*k - 50. Let l be j(17). Let q be (-149*1 - 1)/1. Let w = l + q. Is w a composite number?
False
Suppose 102 = 2*t - 112. Let w = 186 - t. Is w a composite number?
False
Let r be (-14 - 0/(-3))/(-1). Let p(v) = v**2 + 4*v + 10. Is p(r) composite?
True
Is (-241158)/4*(84/(-18) + 4) composite?
False
Suppose 5*b = -15, -49*z - 4213 = -50*z + 4*b. Is z a prime number?
True
Let d = -524 - -579. Is d prime?
False
Let w = 31328 + -21886. Is w prime?
False
Let q be (-2)/5 - (-177632)/130. Let s = 2685 - q. Is s prime?
True
Let s(z) = -78*z - 103. Is s(-36) prime?
False
Let m be -5*10*(-86)/(-2). Let t = m - -3768. Let s = 2561 - t. Is s composite?
True
Suppose 586 - 31683 = -11*b. Is b composite?
True
Suppose 14373 = k + 4*n + 4982, 0 = -n. Is k a composite number?
False
Let h(w) = 961*w**3 - 6*w + 3. Is h(2) composite?
True
Let b = 26 + -17. Suppose 4*w + 2*x + 6 = -0*w, 5*w - b = 3*x. Suppose w = 2*f + 389 - 1003. Is f prime?
True
Let n(d) be the first derivative of -4*d**4 - 5*d**3/3 + 4*d**2 + 24. Is n(-5) a composite number?
True
Let o(j) = 97*j**3 - j + 1. Let c be ((-2)/(-4))/((-1)/(-8)). Suppose 5 - 1 = c*d. Is o(d) composite?
False
Suppose q - 96 = -3*q. Suppose 21*v = q*v + 3501. Let n = v + 2044. Is n a composite number?
False
Let a(b) = -b**3 - 8*b**2 - 4*b - 6. Let t be a(-11). Let o = t + 1616. Is o prime?
True
Is (9 - 6)*(-2 + 1365/9) a composite number?
False
Suppose 4*x = 2*a + 2736, 2*a + 6 = 5*a. Let g = 1258 - x. Is g composite?
True
Suppose -4*d + 106 + 18 = 0. Suppose -30*n = -d*n + 191. Is n a prime number?
True
Suppose 74*x - 3*x - 937058 = 0. Is x composite?
True
Let q = -1900 - -5055. Is q a prime number?
False
Let z = 283 - -210. Suppose 3*j - z = l, -2*j + 4*l + 322 = 5*l. Is j a composite number?
False
Let x be (0 + -2 - -1)*1. Let d(p) = 247*p + 2. Let y(g) = -1236*g - 12. Let w(h) = -11*d(h) - 2*y(h). Is w(x) prime?
False
Let a(r) = 79*r - 6. Let u(d) = 80*d - 5. Let b(x) = 4*a(x) - 5*u(x). Is b(-4) a prime number?
True
Let b(c) = 14*c**2 + 108*c - 81. Is b(38) a composite number?
False
Suppose -5*h + 5 + 5 = 0. Suppose -v - h = -3*v - f, -2*f = -3*v + 17. Suppose 4*o + 4*y = v*o + 661, 3220 = 5*o + 3*y. Is o a composite number?
False
Suppose 137 = -x + 2*x. Let y = 12 + x. Is y a composite number?
False
Let b be (-8)/12*(10 + -1). Is 6/b*-1*449 a composite number?
False
Let q(o) = -63*o**2 - 3*o + 4. Let a be q(3). Let k = -307 - a. Is k a composite number?
True
Let a(t) = -4*t**2 + 2 + 3*t + 5*t**2 - 225*t**3 - 49*t**3. Is a(-1) prime?
False
Let p be (-6)/(-21) - 7751/7. Let k = -2443 - p. Is (k/(-16))/((-2)/(-4)) a composite number?
False
Let d = 701 - 1240. Let u = d - -1900. Is u a composite number?
False
Suppose -5*d = -3*j - 146912, 7*j = d + 10*j - 29386. Is d prime?
True
Suppose -q + 35789 = -4*p, 7*q + 143182 = 11*q - 3*p. Is q composite?
False
Is -4 - -6202 - (-2 + 7) prime?
False
Suppose -c + 43666 = -i, -2*i + 174634 = 17*c - 13*c. Is c composite?
False
Suppose -10626 = k + 10*k. Let l = k - -3271. Is l composite?
True
Let w(d) = 30*d - 1. Suppose 8 = -5*t - 2. Let l = t - -7. Is w(l) composite?
False
Let k be (30/(-25))/(1/(-55)). Let l be (-17562)/(-33) + (-12)/k. Let y = 897 - l. Is y composite?
True
Let f(u) = 12*u**2 + 9*u + 25. Suppose 0 = 17*t - 14*t + 60. Is f(t) composite?
True
Is ((-1)/((-6)/(5519856/8)))/1 prime?
True
Let s(p) be the third derivative of 0*p + 1/6*p**3 + 0 + 3/2*p**4 + 6*p**2. Is s(4) a composite number?
True
Is 10584950/175 + 30/(-21) + 1 composite?
True
Suppose 3*x = -x. Is (-74 + x)*(-1)/2 a composite number?
False
Suppose -131*c + 135*c = 51108. Is c prime?
False
Let i be 22/99 - 241/(-9). Let h(o) = -o**3 + 27*o**2 + 23*o - 35. Is h(i) a prime number?
False
Let k(a) = 60*a**2 - 8*a + 23. Is k(-15) composite?
True
Let f be -1 - (-5 - (-1 + -1)). Let n be (-12)/(-30)*f*5. Suppose -n*o = 4*y - 844, 2*o + 3*y - 612 = -190. Is o prime?
True
Is (51237/27)/((-2)/(-18)) a composite number?
True
Suppose 2*w + 3*m - 2546 = 0, 30*m = w + 34*m - 1273. Is w prime?
False
Suppose 2*u - 4*l + 8*l = -36, 0 = -5*u + l - 35. Let x(p) = -58*p - 17. Is x(u) prime?
False
Let y(k) be the first derivative of 13*k**3/3 + k**2/2 + 7*k - 10. Is y(3) prime?
True
Suppose -32 = -4*q + 4*z, -5*q + 5*z + 34 = -2*q. Let d = q - 1. Suppose -5*g - 507 + 192 = -5*n, d*n = -g + 132. Is n composite?
True
Let j = 13358 - 3115. Is j composite?
False
Suppose 2*m + t + 18 = 0, -5*m - 20 = -t + 25. Let g(v) = 748*v - 9. Let j be g(-7). Is j/m + (-8)/(-36) a composite number?
True
Let s(i) = -6*i**3 - 10*i**2 + 4*i + 7. Is s(-16) composite?
True
Let r(s) = -s**3 + 10*s**2 - 13*s + 12. Let q be r(9). Let v = q + 28. Suppose v*i - 320 = -84. Is i prime?
True
Suppose 3*x - 2813 = 1714. Suppose -5*u = -5 - 5, 5*u = -k + x. Is k a composite number?
False
Suppose h - 5*t + 2 = 0, -2 + 1 = -h + 2*t. Suppose x + 1 = h. Suppose -2*y - 1273 = -5*z, 3*z + x*y - 5*y = 771. Is z a prime number?
False
Let q = 23380 + -4082. Suppose -1573 + q = 5*s. Is s prime?
False
Suppose -2*i = 3*o - 15251, 17492 + 13015 = 4*i + o. Is i composite?
True
Let t(w) = -2*w + 7. Let y be (-44)/(-10) + 4/(-10). Let q be (8/y)/((-1)/8). Is t(q) a prime number?
False
Let t(a) = 4*a**2 - 16*a + 20. Let u(n) = -8*n**2 + 31*n - 4